{"id":1998,"date":"2020-06-10T07:59:40","date_gmt":"2020-06-10T06:59:40","guid":{"rendered":"http:\/\/www.menkab.it\/?page_id=1998"},"modified":"2020-06-10T08:35:30","modified_gmt":"2020-06-10T07:35:30","slug":"capodogli-del-mediterraneo","status":"publish","type":"page","link":"https:\/\/www.menkab.it\/eng\/capodogli-del-mediterraneo\/","title":{"rendered":"Spermwhales in Mediterranean Sea"},"content":{"rendered":"<p>[et_pb_section fb_built=&#8221;1&#8243; _builder_version=&#8221;3.22&#8243; custom_padding=&#8221;50px||37px|||&#8221;][et_pb_row column_structure=&#8221;1_2,1_2&#8243; _builder_version=&#8221;4.4.7&#8243;][et_pb_column type=&#8221;1_2&#8243; _builder_version=&#8221;3.25&#8243; custom_padding=&#8221;|||&#8221; custom_padding__hover=&#8221;|||&#8221;][et_pb_image src=&#8221;http:\/\/www.menkab.it\/wp-content\/uploads\/2020\/06\/Capodogli-nel-mediterraneo_foto-di-Biagio-Violi_Menkab-4.jpg&#8221; title_text=&#8221;Capodogli nel mediterraneo_foto di Biagio Violi_Menkab (4)&#8221; _builder_version=&#8221;4.4.7&#8243;][\/et_pb_image][\/et_pb_column][et_pb_column type=&#8221;1_2&#8243; _builder_version=&#8221;3.25&#8243; custom_padding=&#8221;|||&#8221; custom_padding__hover=&#8221;|||&#8221;][et_pb_text admin_label=&#8221;Discover Beatuty Title&#8221; _builder_version=&#8221;4.4.7&#8243; text_font=&#8221;||||&#8221; text_text_color=&#8221;#184C76&#8243; header_font=&#8221;Oswald|on||on|&#8221; header_text_align=&#8221;left&#8221; header_text_color=&#8221;#184C76&#8243; header_font_size=&#8221;60px&#8221; header_line_height=&#8221;1.3em&#8221; animation_style=&#8221;slide&#8221; animation_direction=&#8221;%22fade_in%22&#8243; animation_duration=&#8221;500ms&#8221; animation_intensity_slide=&#8221;10%&#8221;]<\/p>\n<h1>Spermwhales in Mediterranean Sea<\/h1>\n<p>[\/et_pb_text][et_pb_text admin_label=&#8221;Discover Beatuty Sub Title&#8221; _builder_version=&#8221;4.4.7&#8243; text_font=&#8221;Roboto||||&#8221; text_text_color=&#8221;#184C76&#8243; text_font_size=&#8221;24px&#8221; text_line_height=&#8221;1.4em&#8221; animation_style=&#8221;slide&#8221; animation_direction=&#8221;top&#8221; animation_delay=&#8221;100ms&#8221; animation_intensity_slide=&#8221;10%&#8221;]<\/p>\n<p>Study and monitoring and tracking of sperm whales in the Mediterranean area<\/p>\n<p>[\/et_pb_text][et_pb_divider color=&#8221;#d4af37&#8243; divider_position=&#8221;center&#8221; divider_weight=&#8221;3px&#8221; disabled_on=&#8221;off|off|off&#8221; _builder_version=&#8221;4.4.7&#8243; max_width=&#8221;150px&#8221; height=&#8221;false&#8221; custom_margin=&#8221;||||false|false&#8221; animation_style=&#8221;slide&#8221; animation_direction=&#8221;top&#8221; animation_delay=&#8221;200ms&#8221; animation_intensity_slide=&#8221;10%&#8221;][\/et_pb_divider][\/et_pb_column][\/et_pb_row][et_pb_row _builder_version=&#8221;4.4.5&#8243;][et_pb_column type=&#8221;4_4&#8243; _builder_version=&#8221;4.4.5&#8243;][et_pb_text _builder_version=&#8221;4.4.7&#8243; text_font=&#8221;Open Sans||||||||&#8221; text_font_size=&#8221;16px&#8221; text_line_height=&#8221;1.8em&#8221;]<\/p>\n<p class=\"p1 translation-block\"><span class=\"s1\"> <strong> The sperm whale <\/strong> (<i> Physeter macrocephalus <\/i>, L. 1758) is <strong> the largest living predator <\/strong>. In the Red List (IUCN, <i> Red-list <\/i>), this species is classified as \"Vulnerable\" worldwide. The Mediterranean population, separate from the Atlantic population, is instead classified as \"Threatened\". In this context, <strong> knowing the movements within the Mediterranean, the migratory routes, the frequented areas and the connectivity patterns with the Atlantic Ocean and within the Mediterranean itself <\/strong>, are fundamental points for promoting plans of protection and conservation of this giant of our sea. <\/Span><\/p>\n<p>[\/et_pb_text][\/et_pb_column][\/et_pb_row][et_pb_row use_custom_gutter=&#8221;on&#8221; gutter_width=&#8221;2&#8243; custom_padding_last_edited=&#8221;on|desktop&#8221; _builder_version=&#8221;4.4.7&#8243; background_color=&#8221;#f9f9f9&#8243; width=&#8221;100%&#8221; max_width=&#8221;1920px&#8221; custom_padding=&#8221;|337px||337px|false|false&#8221; custom_padding_tablet=&#8221;&#8221; custom_padding_phone=&#8221;&#8221; hover_enabled=&#8221;0&#8243;][et_pb_column type=&#8221;4_4&#8243; _builder_version=&#8221;4.4.5&#8243;][et_pb_gallery gallery_ids=&#8221;2005,2003,2002,2004&#8243; show_title_and_caption=&#8221;off&#8221; show_pagination=&#8221;off&#8221; _builder_version=&#8221;4.4.7&#8243; custom_margin=&#8221;||||false|false&#8221;][\/et_pb_gallery][\/et_pb_column][\/et_pb_row][et_pb_row _builder_version=&#8221;4.4.5&#8243;][et_pb_column type=&#8221;4_4&#8243; _builder_version=&#8221;4.4.5&#8243;][et_pb_text _builder_version=&#8221;4.4.7&#8243; text_font=&#8221;Open Sans||||||||&#8221; text_font_size=&#8221;16px&#8221; text_line_height=&#8221;1.8em&#8221;]<\/p>\n<p class=\"p1\"><span class=\"s1\">Our project, by means of two methodologies (population genetics and photo identification), has the following objectives:<\/span><\/p>\n<ul class=\"ul1\">\n<li class=\"li2 translation-block\"><span class=\"s1\"> <strong> identify areas and \/ or populations <\/strong> genetically isolated within the Mediterranean and therefore at risk; <\/span><\/li>\n<li class=\"li2 translation-block\"><span class=\"s1\"> <strong> quantify the gene flow <\/strong> between the western and eastern Mediterranean basins; <\/span><\/li>\n<li class=\"li2 translation-block\"><span class=\"s2\"> <\/span> <span class=\"s3\"> <strong> analyze the presence of social units in the Ligurian Sea <\/strong>, the northernmost point of the Mediterranean <\/span><\/li>\n<li class=\"li3\"><span class=\"s2\"><\/span><span class=\"s3\"><strong>analizzare la presenza di unit\u00e0 sociali nel mar Ligure<\/strong>, il punto pi\u00f9 a nord del Mediterraneo\u00a0<\/span><\/li>\n<\/ul>\n<p class=\"p2\"><span class=\"s1\"><\/span><\/p>\n<p class=\"p2\"><span class=\"s1\"><\/span><\/p>\n<p>[\/et_pb_text][\/et_pb_column][\/et_pb_row][et_pb_row column_structure=&#8221;1_2,1_2&#8243; _builder_version=&#8221;4.4.7&#8243; hover_enabled=&#8221;0&#8243; width=&#8221;100%&#8221; max_width=&#8221;1920px&#8221; custom_padding=&#8221;|19%||19%|false|false&#8221; background_color=&#8221;#f9f9f9&#8243;][et_pb_column type=&#8221;1_2&#8243; _builder_version=&#8221;4.4.7&#8243;][et_pb_video src=&#8221;http:\/\/www.menkab.it\/wp-content\/uploads\/2020\/06\/La-balena-allatta-il-suo-piccolo-la-prima-volta-nel-mar-Ligure-Repubblica-TV.mp4&#8243; thumbnail_overlay_color=&#8221;rgba(0,0,0,0.6)&#8221; _builder_version=&#8221;4.4.7&#8243; hover_enabled=&#8221;0&#8243; title_text=&#8221;La balena allatta il suo piccolo, la prima volta nel mar Ligure &#8211; Repubblica TV&#8221;][\/et_pb_video][\/et_pb_column][et_pb_column type=&#8221;1_2&#8243; _builder_version=&#8221;4.4.7&#8243;][et_pb_video src=&#8221;https:\/\/vimeo.com\/237717446&#8243; _builder_version=&#8221;4.4.7&#8243;][\/et_pb_video][\/et_pb_column][\/et_pb_row][et_pb_row column_structure=&#8221;1_3,1_3,1_3&#8243; disabled_on=&#8221;on|on|on&#8221; _builder_version=&#8221;4.4.4&#8243; custom_margin=&#8221;40px||||false|false&#8221; disabled=&#8221;on&#8221;][et_pb_column type=&#8221;1_3&#8243; _builder_version=&#8221;4.3.2&#8243;][et_pb_text _builder_version=&#8221;4.3.2&#8243; text_font=&#8221;Roboto|300|||||||&#8221; header_5_font=&#8221;Roboto|700||on|||||&#8221; header_5_text_align=&#8221;center&#8221; header_5_text_color=&#8221;#184C76&#8243; header_5_font_size=&#8221;17px&#8221; header_5_letter_spacing=&#8221;2px&#8221; header_5_line_height=&#8221;1.9em&#8221; header_6_font=&#8221;Roboto|300|||||||&#8221; header_6_text_align=&#8221;center&#8221; header_6_text_color=&#8221;#000000&#8243; header_6_font_size=&#8221;11px&#8221; header_6_line_height=&#8221;2em&#8221; text_orientation=&#8221;center&#8221; custom_padding=&#8221;20px|20px|0px|20px|false|false&#8221; border_radii=&#8221;on|16px|16px|16px|16px&#8221; box_shadow_style=&#8221;preset3&#8243; box_shadow_blur=&#8221;32px&#8221; box_shadow_spread=&#8221;-4px&#8221; box_shadow_color=&#8221;rgba(34,116,165,0.13)&#8221;]<\/p>\n<h5><strong>Contribution for the course<\/strong>:<\/h5>\n<p style=\"text-align: left;\" class=\" translation-block\">700 \u20ac per participant * <br> The fee includes:<\/p>\n<ul style=\"text-align: left;\">\n<li>learning materials<\/li>\n<li>boat trips<\/li>\n<li>insurance<\/li>\n<li>association's t-shirt<\/li>\n<li>parking spot<\/li>\n<\/ul>\n<h6 style=\"text-align: left;\"><span style=\"color: #000080;\">\u00a0*sono previsti sconti per chi viene da fuori regione<\/span><\/h6>\n<p style=\"text-align: left;\">[\/et_pb_text][\/et_pb_column][et_pb_column type=&#8221;1_3&#8243; _builder_version=&#8221;4.3.2&#8243;][et_pb_text _builder_version=&#8221;4.3.2&#8243; text_font=&#8221;Roboto|300|||||||&#8221; header_5_font=&#8221;Roboto|700||on|||||&#8221; header_5_text_align=&#8221;center&#8221; header_5_text_color=&#8221;#184C76&#8243; header_5_font_size=&#8221;17px&#8221; header_5_letter_spacing=&#8221;2px&#8221; header_5_line_height=&#8221;1.9em&#8221; header_6_font=&#8221;Roboto||||||||&#8221; header_6_text_align=&#8221;center&#8221; header_6_font_size=&#8221;19px&#8221; header_6_line_height=&#8221;2.4em&#8221; text_orientation=&#8221;center&#8221; custom_padding=&#8221;20px|20px|69px|20px|false|false&#8221; border_radii=&#8221;on|16px|16px|16px|16px&#8221; box_shadow_style=&#8221;preset3&#8243; box_shadow_blur=&#8221;32px&#8221; box_shadow_spread=&#8221;-4px&#8221; box_shadow_color=&#8221;rgba(34,116,165,0.13)&#8221;]<\/p>\n<h5>program<\/h5>\n<div class=\"page\" title=\"Page 2\">\n<div class=\"section\">\n<div class=\"layoutArea\">\n<div class=\"column\">\n<p class=\" translation-block\"><span> The course will be divided into: <br> <\/span> <strong> Theoretical part <\/strong> <span>: the cetaceans of the Pelagos Sanctuary, bioacoustics, monitoring techniques. <\/span> Objective: to provide the information necessary to carry out field research activities correctly and independently.<\/p>\n<p class=\" translation-block\"><span> <br> <\/span> <strong> Practical part <\/strong> <span>: sighting, data collection and analysis, photo-id, bioacoustics. <\/Span><\/p>\n<div class=\"page\" title=\"Page 2\">\n<div class=\"section\">\n<div class=\"layoutArea\">\n<div class=\"column\">\n<p><span>The surveys will take place on a 10 m motor boat adapted for research activities.<\/span><\/p>\n<p><span><\/span><\/p>\n<div class=\"page\" title=\"Page 2\">\n<div class=\"section\">\n<div class=\"layoutArea\">\n<div class=\"column\">\n<p><span>Al termine del corso verra\u0300 svolto un <strong>test di valutazione delle competenze acquisite<\/strong>, con rilascio di <strong>attestato di partecipazione<\/strong>. <\/span><\/p>\n<\/div>\n<\/div>\n<\/div>\n<\/div>\n<\/div>\n<\/div>\n<\/div>\n<\/div>\n<\/div>\n<\/div>\n<\/div>\n<\/div>\n<p>[\/et_pb_text][\/et_pb_column][et_pb_column type=&#8221;1_3&#8243; _builder_version=&#8221;4.3.2&#8243;][et_pb_text _builder_version=&#8221;4.3.2&#8243; text_font=&#8221;Roboto|300|||||||&#8221; header_4_font=&#8221;Roboto|||on|||||&#8221; header_4_text_color=&#8221;#184C76&#8243; header_5_font=&#8221;Roboto|700||on|||||&#8221; header_5_text_align=&#8221;center&#8221; header_5_text_color=&#8221;#184C76&#8243; header_5_font_size=&#8221;17px&#8221; header_5_letter_spacing=&#8221;2px&#8221; header_5_line_height=&#8221;1.9em&#8221; header_6_font=&#8221;Roboto||||||||&#8221; header_6_text_align=&#8221;center&#8221; header_6_text_color=&#8221;#184C76&#8243; header_6_font_size=&#8221;17px&#8221; header_6_line_height=&#8221;1.3em&#8221; text_orientation=&#8221;center&#8221; custom_padding=&#8221;20px|20px|20px|20px|false|false&#8221; border_radii=&#8221;on|16px|16px|16px|16px&#8221; box_shadow_style=&#8221;preset3&#8243; box_shadow_blur=&#8221;32px&#8221; box_shadow_spread=&#8221;-4px&#8221; box_shadow_color=&#8221;rgba(34,116,165,0.13)&#8221;]<\/p>\n<h5>Booking &amp; infos<\/h5>\n<h6><span style=\"color: #d4af37;\">arcimenkab@gmail.com\u00a0<\/span><\/h6>\n<p style=\"text-align: left;\">Documents needed:<\/p>\n<ul>\n<li style=\"text-align: left;\">CV<\/li>\n<li style=\"text-align: left;\">ID<\/li>\n<\/ul>\n<h4>applications deadline: 31\/05\/2020<\/h4>\n<p>[\/et_pb_text][\/et_pb_column][\/et_pb_row][\/et_pb_section]<\/p>","protected":false},"excerpt":{"rendered":"<p>I capodogli del mediterraneoStudio e monitoraggio e tracciamento dei capodogli nell&#8217;area del MediterraneoIl capodoglio (Physeter macrocephalus, L. 1758) \u00e8 il pi\u00f9 grande predatore vivente. Nella Lista rossa (IUCN, Red-list), questa specie \u00e8 classificata \u201cVulnerabile\u201d a livello mondiale. La popolazione Mediterranea, separata dalla popolazione Atlantica, \u00e8 invece classificata come \u201cMinacciata\u201d. In questo contesto, conoscere i movimenti [&hellip;]<\/p>","protected":false},"author":1,"featured_media":0,"parent":0,"menu_order":0,"comment_status":"closed","ping_status":"closed","template":"","meta":{"_et_pb_use_builder":"on","_et_pb_old_content":"","_et_gb_content_width":"","footnotes":""},"_links":{"self":[{"href":"https:\/\/www.menkab.it\/eng\/wp-json\/wp\/v2\/pages\/1998"}],"collection":[{"href":"https:\/\/www.menkab.it\/eng\/wp-json\/wp\/v2\/pages"}],"about":[{"href":"https:\/\/www.menkab.it\/eng\/wp-json\/wp\/v2\/types\/page"}],"author":[{"embeddable":true,"href":"https:\/\/www.menkab.it\/eng\/wp-json\/wp\/v2\/users\/1"}],"replies":[{"embeddable":true,"href":"https:\/\/www.menkab.it\/eng\/wp-json\/wp\/v2\/comments?post=1998"}],"version-history":[{"count":7,"href":"https:\/\/www.menkab.it\/eng\/wp-json\/wp\/v2\/pages\/1998\/revisions"}],"predecessor-version":[{"id":2018,"href":"https:\/\/www.menkab.it\/eng\/wp-json\/wp\/v2\/pages\/1998\/revisions\/2018"}],"wp:attachment":[{"href":"https:\/\/www.menkab.it\/eng\/wp-json\/wp\/v2\/media?parent=1998"}],"curies":[{"name":"wp","href":"https:\/\/api.w.org\/{rel}","templated":true}]}}

<p>[et_pb_section fb_built=&#8221;1&#8243; _builder_version=&#8221;3.22&#8243; custom_padding=&#8221;50px||37px|||&#8221;][et_pb_row column_structure=&#8221;1_2,1_2&#8243; _builder_version=&#8221;4.4.7&#8243;][et_pb_column type=&#8221;1_2&#8243; _builder_version=&#8221;3.25&#8243; custom_padding=&#8221;|||&#8221; custom_padding__hover=&#8221;|||&#8221;][et_pb_image src=&#8221;http://www.menkab.it/wp-content/uploads/2020/06/Capodogli-nel-mediterraneo_foto-di-Biagio-Violi_Menkab-4.jpg&#8221; title_text=&#8221;Capodogli nel mediterraneo_foto di Biagio Violi_Menkab (4)&#8221; _builder_version=&#8221;4.4.7&#8243;][/et_pb_image][/et_pb_column][et_pb_column type=&#8221;1_2&#8243; _builder_version=&#8221;3.25&#8243; custom_padding=&#8221;|||&#8221; custom_padding__hover=&#8221;|||&#8221;][et_pb_text admin_label=&#8221;Discover Beatuty Title&#8221; _builder_version=&#8221;4.4.7&#8243; text_font=&#8221;||||&#8221; text_text_color=&#8221;#184C76&#8243; header_font=&#8221;Oswald|on||on|&#8221; header_text_align=&#8221;left&#8221; header_text_color=&#8221;#184C76&#8243; header_font_size=&#8221;60px&#8221; header_line_height=&#8221;1.3em&#8221; animation_style=&#8221;slide&#8221; animation_direction=&#8221;%22fade_in%22&#8243; animation_duration=&#8221;500ms&#8221; animation_intensity_slide=&#8221;10%&#8221;]</p>
<h1>Spermwhales in Mediterranean Sea</h1>
<p>[/et_pb_text][et_pb_text admin_label=&#8221;Discover Beatuty Sub Title&#8221; _builder_version=&#8221;4.4.7&#8243; text_font=&#8221;Roboto||||&#8221; text_text_color=&#8221;#184C76&#8243; text_font_size=&#8221;24px&#8221; text_line_height=&#8221;1.4em&#8221; animation_style=&#8221;slide&#8221; animation_direction=&#8221;top&#8221; animation_delay=&#8221;100ms&#8221; animation_intensity_slide=&#8221;10%&#8221;]</p>
<p>Study and monitoring and tracking of sperm whales in the Mediterranean area</p>
<p>[/et_pb_text][et_pb_divider color=&#8221;#d4af37&#8243; divider_position=&#8221;center&#8221; divider_weight=&#8221;3px&#8221; disabled_on=&#8221;off|off|off&#8221; _builder_version=&#8221;4.4.7&#8243; max_width=&#8221;150px&#8221; height=&#8221;false&#8221; custom_margin=&#8221;||||false|false&#8221; animation_style=&#8221;slide&#8221; animation_direction=&#8221;top&#8221; animation_delay=&#8221;200ms&#8221; animation_intensity_slide=&#8221;10%&#8221;][/et_pb_divider][/et_pb_column][/et_pb_row][et_pb_row _builder_version=&#8221;4.4.5&#8243;][et_pb_column type=&#8221;4_4&#8243; _builder_version=&#8221;4.4.5&#8243;][et_pb_text _builder_version=&#8221;4.4.7&#8243; text_font=&#8221;Open Sans||||||||&#8221; text_font_size=&#8221;16px&#8221; text_line_height=&#8221;1.8em&#8221;]</p>
<p class="p1 translation-block"><span class="s1"> <strong> The sperm whale </strong> (<i> Physeter macrocephalus </i>, L. 1758) is <strong> the largest living predator </strong>. In the Red List (IUCN, <i> Red-list </i>), this species is classified as "Vulnerable" worldwide. The Mediterranean population, separate from the Atlantic population, is instead classified as "Threatened". In this context, <strong> knowing the movements within the Mediterranean, the migratory routes, the frequented areas and the connectivity patterns with the Atlantic Ocean and within the Mediterranean itself </strong>, are fundamental points for promoting plans of protection and conservation of this giant of our sea. </Span></p>
<p>[/et_pb_text][/et_pb_column][/et_pb_row][et_pb_row use_custom_gutter=&#8221;on&#8221; gutter_width=&#8221;2&#8243; custom_padding_last_edited=&#8221;on|desktop&#8221; _builder_version=&#8221;4.4.7&#8243; background_color=&#8221;#f9f9f9&#8243; width=&#8221;100%&#8221; max_width=&#8221;1920px&#8221; custom_padding=&#8221;|337px||337px|false|false&#8221; custom_padding_tablet=&#8221;&#8221; custom_padding_phone=&#8221;&#8221; hover_enabled=&#8221;0&#8243;][et_pb_column type=&#8221;4_4&#8243; _builder_version=&#8221;4.4.5&#8243;][et_pb_gallery gallery_ids=&#8221;2005,2003,2002,2004&#8243; show_title_and_caption=&#8221;off&#8221; show_pagination=&#8221;off&#8221; _builder_version=&#8221;4.4.7&#8243; custom_margin=&#8221;||||false|false&#8221;][/et_pb_gallery][/et_pb_column][/et_pb_row][et_pb_row _builder_version=&#8221;4.4.5&#8243;][et_pb_column type=&#8221;4_4&#8243; _builder_version=&#8221;4.4.5&#8243;][et_pb_text _builder_version=&#8221;4.4.7&#8243; text_font=&#8221;Open Sans||||||||&#8221; text_font_size=&#8221;16px&#8221; text_line_height=&#8221;1.8em&#8221;]</p>
<p class="p1"><span class="s1">Our project, by means of two methodologies (population genetics and photo identification), has the following objectives:</span></p>
<ul class="ul1">
<li class="li2 translation-block"><span class="s1"> <strong> identify areas and / or populations </strong> genetically isolated within the Mediterranean and therefore at risk; </span></li>
<li class="li2 translation-block"><span class="s1"> <strong> quantify the gene flow </strong> between the western and eastern Mediterranean basins; </span></li>
<li class="li2 translation-block"><span class="s2"> </span> <span class="s3"> <strong> analyze the presence of social units in the Ligurian Sea </strong>, the northernmost point of the Mediterranean </span></li>
<li class="li3"><span class="s2"></span><span class="s3"><strong>analizzare la presenza di unità sociali nel mar Ligure</strong>, il punto più a nord del Mediterraneo </span></li>
</ul>
<p class="p2"><span class="s1"></span></p>
<p class="p2"><span class="s1"></span></p>
<p>[/et_pb_text][/et_pb_column][/et_pb_row][et_pb_row column_structure=&#8221;1_2,1_2&#8243; _builder_version=&#8221;4.4.7&#8243; hover_enabled=&#8221;0&#8243; width=&#8221;100%&#8221; max_width=&#8221;1920px&#8221; custom_padding=&#8221;|19%||19%|false|false&#8221; background_color=&#8221;#f9f9f9&#8243;][et_pb_column type=&#8221;1_2&#8243; _builder_version=&#8221;4.4.7&#8243;][et_pb_video src=&#8221;http://www.menkab.it/wp-content/uploads/2020/06/La-balena-allatta-il-suo-piccolo-la-prima-volta-nel-mar-Ligure-Repubblica-TV.mp4&#8243; thumbnail_overlay_color=&#8221;rgba(0,0,0,0.6)&#8221; _builder_version=&#8221;4.4.7&#8243; hover_enabled=&#8221;0&#8243; title_text=&#8221;La balena allatta il suo piccolo, la prima volta nel mar Ligure &#8211; Repubblica TV&#8221;][/et_pb_video][/et_pb_column][et_pb_column type=&#8221;1_2&#8243; _builder_version=&#8221;4.4.7&#8243;][et_pb_video src=&#8221;https://vimeo.com/237717446&#8243; _builder_version=&#8221;4.4.7&#8243;][/et_pb_video][/et_pb_column][/et_pb_row][et_pb_row column_structure=&#8221;1_3,1_3,1_3&#8243; disabled_on=&#8221;on|on|on&#8221; _builder_version=&#8221;4.4.4&#8243; custom_margin=&#8221;40px||||false|false&#8221; disabled=&#8221;on&#8221;][et_pb_column type=&#8221;1_3&#8243; _builder_version=&#8221;4.3.2&#8243;][et_pb_text _builder_version=&#8221;4.3.2&#8243; text_font=&#8221;Roboto|300|||||||&#8221; header_5_font=&#8221;Roboto|700||on|||||&#8221; header_5_text_align=&#8221;center&#8221; header_5_text_color=&#8221;#184C76&#8243; header_5_font_size=&#8221;17px&#8221; header_5_letter_spacing=&#8221;2px&#8221; header_5_line_height=&#8221;1.9em&#8221; header_6_font=&#8221;Roboto|300|||||||&#8221; header_6_text_align=&#8221;center&#8221; header_6_text_color=&#8221;#000000&#8243; header_6_font_size=&#8221;11px&#8221; header_6_line_height=&#8221;2em&#8221; text_orientation=&#8221;center&#8221; custom_padding=&#8221;20px|20px|0px|20px|false|false&#8221; border_radii=&#8221;on|16px|16px|16px|16px&#8221; box_shadow_style=&#8221;preset3&#8243; box_shadow_blur=&#8221;32px&#8221; box_shadow_spread=&#8221;-4px&#8221; box_shadow_color=&#8221;rgba(34,116,165,0.13)&#8221;]</p>
<h5><strong>Contribution for the course</strong>:</h5>
<p style="text-align: left;" class=" translation-block">700 € per participant * <br> The fee includes:</p>
<ul style="text-align: left;">
<li>learning materials</li>
<li>boat trips</li>
<li>insurance</li>
<li>association's t-shirt</li>
<li>parking spot</li>
</ul>
<h6 style="text-align: left;"><span style="color: #000080;"> *sono previsti sconti per chi viene da fuori regione</span></h6>
<p style="text-align: left;">[/et_pb_text][/et_pb_column][et_pb_column type=&#8221;1_3&#8243; _builder_version=&#8221;4.3.2&#8243;][et_pb_text _builder_version=&#8221;4.3.2&#8243; text_font=&#8221;Roboto|300|||||||&#8221; header_5_font=&#8221;Roboto|700||on|||||&#8221; header_5_text_align=&#8221;center&#8221; header_5_text_color=&#8221;#184C76&#8243; header_5_font_size=&#8221;17px&#8221; header_5_letter_spacing=&#8221;2px&#8221; header_5_line_height=&#8221;1.9em&#8221; header_6_font=&#8221;Roboto||||||||&#8221; header_6_text_align=&#8221;center&#8221; header_6_font_size=&#8221;19px&#8221; header_6_line_height=&#8221;2.4em&#8221; text_orientation=&#8221;center&#8221; custom_padding=&#8221;20px|20px|69px|20px|false|false&#8221; border_radii=&#8221;on|16px|16px|16px|16px&#8221; box_shadow_style=&#8221;preset3&#8243; box_shadow_blur=&#8221;32px&#8221; box_shadow_spread=&#8221;-4px&#8221; box_shadow_color=&#8221;rgba(34,116,165,0.13)&#8221;]</p>
<h5>program</h5>
<div class="page" title="Page 2">
<div class="section">
<div class="layoutArea">
<div class="column">
<p class=" translation-block"><span> The course will be divided into: <br> </span> <strong> Theoretical part </strong> <span>: the cetaceans of the Pelagos Sanctuary, bioacoustics, monitoring techniques. </span> Objective: to provide the information necessary to carry out field research activities correctly and independently.</p>
<p class=" translation-block"><span> <br> </span> <strong> Practical part </strong> <span>: sighting, data collection and analysis, photo-id, bioacoustics. </Span></p>
<div class="page" title="Page 2">
<div class="section">
<div class="layoutArea">
<div class="column">
<p><span>The surveys will take place on a 10 m motor boat adapted for research activities.</span></p>
<p><span></span></p>
<div class="page" title="Page 2">
<div class="section">
<div class="layoutArea">
<div class="column">
<p><span>Al termine del corso verrà svolto un <strong>test di valutazione delle competenze acquisite</strong>, con rilascio di <strong>attestato di partecipazione</strong>. </span></p>
</div>
</div>
</div>
</div>
</div>
</div>
</div>
</div>
</div>
</div>
</div>
</div>
<p>[/et_pb_text][/et_pb_column][et_pb_column type=&#8221;1_3&#8243; _builder_version=&#8221;4.3.2&#8243;][et_pb_text _builder_version=&#8221;4.3.2&#8243; text_font=&#8221;Roboto|300|||||||&#8221; header_4_font=&#8221;Roboto|||on|||||&#8221; header_4_text_color=&#8221;#184C76&#8243; header_5_font=&#8221;Roboto|700||on|||||&#8221; header_5_text_align=&#8221;center&#8221; header_5_text_color=&#8221;#184C76&#8243; header_5_font_size=&#8221;17px&#8221; header_5_letter_spacing=&#8221;2px&#8221; header_5_line_height=&#8221;1.9em&#8221; header_6_font=&#8221;Roboto||||||||&#8221; header_6_text_align=&#8221;center&#8221; header_6_text_color=&#8221;#184C76&#8243; header_6_font_size=&#8221;17px&#8221; header_6_line_height=&#8221;1.3em&#8221; text_orientation=&#8221;center&#8221; custom_padding=&#8221;20px|20px|20px|20px|false|false&#8221; border_radii=&#8221;on|16px|16px|16px|16px&#8221; box_shadow_style=&#8221;preset3&#8243; box_shadow_blur=&#8221;32px&#8221; box_shadow_spread=&#8221;-4px&#8221; box_shadow_color=&#8221;rgba(34,116,165,0.13)&#8221;]</p>
<h5>Booking &amp; infos</h5>
<h6><span style="color: #d4af37;">arcimenkab@gmail.com </span></h6>
<p style="text-align: left;">Documents needed:</p>
<ul>
<li style="text-align: left;">CV</li>
<li style="text-align: left;">ID</li>
</ul>
<h4>applications deadline: 31/05/2020</h4>
<p>[/et_pb_text][/et_pb_column][/et_pb_row][/et_pb_section]</p>

<p>I capodogli del mediterraneoStudio e monitoraggio e tracciamento dei capodogli nell&#8217;area del MediterraneoIl capodoglio (Physeter macrocephalus, L. 1758) è il più grande predatore vivente. Nella Lista rossa (IUCN, Red-list), questa specie è classificata “Vulnerabile” a livello mondiale. La popolazione Mediterranea, separata dalla popolazione Atlantica, è invece classificata come “Minacciata”. In questo contesto, conoscere i movimenti [&hellip;]</p>
